45 composite?
True
Is 3869855727 a prime number?
False
Is 11222500459 a prime number?
False
Is 2055529579 prime?
True
Is 393030689 a prime number?
True
Is 599640214 composite?
True
Is 1942617143 a prime number?
True
Is 7468726379 prime?
True
Is 17989453 composite?
False
Is 2406710861 a composite number?
False
Is 13480129387 prime?
False
Is 356141537 composite?
True
Is 1799267861 a prime number?
True
Is 245567317 a composite number?
False
Is 182173861 prime?
True
Is 112079927 composite?
False
Is 2277792359 composite?
False
Is 55778618543 a composite number?
False
Is 1832399099 a prime number?
True
Is 41999192579 a composite number?
True
Is 26002994627 a composite number?
False
Is 1782891073 prime?
True
Is 386241257 prime?
True
Is 8096327389 prime?
True
Is 19027787143 composite?
False
Is 1502488751 a composite number?
True
Is 5278269079 a composite number?
False
Is 491008489 a composite number?
False
Is 288680548423 prime?
True
Is 812887057 composite?
False
Is 1078066966 a prime number?
False
Is 149285400059 a prime number?
False
Is 32730787919 composite?
False
Is 25537155521 composite?
False
Is 19359484829 prime?
True
Is 700127585 a composite number?
True
Is 382971257 a prime number?
False
Is 11365917565 prime?
False
Is 317789567 a composite number?
False
Is 742155527 composite?
False
Is 1709885291 composite?
False
Is 268491790011 prime?
False
Is 1347686063 a composite number?
False
Is 88624987597 a prime number?
False
Is 2755152457 a composite number?
False
Is 4422290227 a prime number?
True
Is 24401661901 a composite number?
False
Is 11524484233 a prime number?
True
Is 367457362 prime?
False
Is 8822281297 a prime number?
False
Is 351738319 a prime number?
True
Is 211792377 a prime number?
False
Is 18521719967 composite?
False
Is 22217626853 composite?
False
Is 11015183923 prime?
True
Is 1394345443 composite?
True
Is 22470173039 composite?
True
Is 23921056889 a composite number?
False
Is 4231911917 composite?
False
Is 149776453429 prime?
True
Is 1025523523 a composite number?
False
Is 1835018111 a composite number?
False
Is 7832592437 a prime number?
True
Is 549726043 prime?
True
Is 333593233 a composite number?
False
Is 1751446927 composite?
False
Is 449351533 composite?
False
Is 15330439093 prime?
False
Is 30283622477 a prime number?
True
Is 3096988945 a prime number?
False
Is 194244095597 prime?
False
Is 11803531429 composite?
False
Is 8784540257 prime?
True
Is 112280038877 a composite number?
False
Is 902580943 a prime number?
False
Is 16524569077 prime?
False
Is 38207982121 composite?
True
Is 7325310959 a prime number?
True
Is 2656785601 a prime number?
False
Is 2522316521 a composite number?
True
Is 15170428547 prime?
False
Is 25513057 a composite number?
True
Is 8092802363 prime?
False
Is 19314277769 composite?
False
Is 12384987647 composite?
True
Is 3322784389 a composite number?
False
Is 322702241 a composite number?
False
Is 2476189363 a composite number?
False
Is 9144801269 a prime number?
True
Is 3074276021 a composite number?
True
Is 893365451 prime?
False
Is 608689363 prime?
False
Is 51443565329 prime?
False
Is 4449408131 prime?
False
Is 46995454027 prime?
True
Is 56475206185 a composite number?
True
Is 2258508877 composite?
False
Is 4150101401 a prime number?
True
Is 5219850499 a composite number?
False
Is 140732479549 a prime number?
False
Is 79288224193 composite?
False
Is 255031421 a composite number?
False
Is 1363940537 composite?
False
Is 14390157443 composite?
False
Is 406440091 a composite number?
True
Is 333159008997 composite?
True
Is 12774679 a prime number?
False
Is 78064361 a prime number?
False
Is 59808580835 prime?
False
Is 536922473 prime?
False
Is 906491351 prime?
False
Is 4773358217 prime?
True
Is 496292191 prime?
True
Is 15594707857 a prime number?
True
Is 32911668343 composite?
True
Is 401881349 composite?
True
Is 1235910131 composite?
False
Is 278130737 a prime number?
False
Is 358095163 a composite number?
False
Is 6044158471 composite?
True
Is 8284554367 composite?
False
Is 6972105731 a composite number?
True
Is 119946717059 composite?
True
Is 4671642583 composite?
False
Is 2052912007 composite?
False
Is 44941685141 a composite number?
True
Is 76502741207 prime?
True
Is 2581136119 composite?
False
Is 5114564479 a composite number?
False
Is 546640603 prime?
True
Is 869855851 composite?
True
Is 40882679729 composite?
False
Is 1302127493 composite?
False
Is 4049562937 prime?
False
Is 12573377459 a prime number?
True
Is 4130059805 prime?
False
Is 7903421677 prime?
True
Is 718182931 a composite number?
True
Is 28907995343 composite?
True
Is 14432892421 a composite number?
True
Is 106182569 composite?
False
Is 624037194683 a prime number?
False
Is 9618510667 prime?
True
Is 4054795841 prime?
True
Is 3369021911 prime?
True
Is 11975066789 a prime number?
False
Is 5678574271 composite?
False
Is 3180998311 a composite number?
False
Is 16919949427 a composite number?
False
Is 65599669 prime?
False
Is 187748537 a composite number?
False
Is 10245428527 prime?
False
Is 24755297 prime?
False
Is 5837756681 prime?
True
Is 173284037 composite?
False
Is 35158007969 a composite number?
True
Is 22825614547 prime?
True
Is 4697165897 a prime number?
True
Is 80399712997 composite?
True
Is 1270737101 a composite number?
False
Is 450769369 prime?
True
Is 6602189603 prime?
True
Is 39195230689 composite?
True
Is 14234930401 composite?
True
Is 85858165753 prime?
False
Is 72069216677 a prime number?
True
Is 64154858561 a composite number?
False
Is 11610088547 a prime number?
True
Is 6403858127 a prime number?
False
Is 70531963471 prime?
False
Is 16760749777 a composite number?
True
Is 247848247 prime?
False
Is 7546097087 a prime number?
True
Is 435090031 a composite number?
True
Is 44263679 a prime number?
True
Is 11845279262 a composite number?
True
Is 164294587 composite?
False
Is 13468243267 prime?
True
Is 245978191 prime?
False
Is 491689333 a composite number?
False
Is 31430480299 a prime number?
False
Is 15678405881 a composite number?
True
Is 42985814983 composite?
True
Is 231422287 prime?
True
Is 345282011 a prime number?
True
Is 6823018445 a prime number?
False
Is 2734359871 composite?
False
Is 2338065791 prime?
True
Is 388991893 composite?
True
Is 35007293822 a composite number?
True
Is 8117280361 prime?
True
Is 29869576133 prime?
True
Is 2869511417 a composite number?
False
Is 66352329049 composite?
True
Is 18002146949 a prime number?
True
Is 2302485061 prime?
True
Is 752837623 composite?
False
Is 10129780789 composite?
False
Is 15359234689 composite?
True
Is 3378605987 composite?
True
Is 7381515131 a prime number?
True
Is 138040221929 composite?
False
Is 44836903021 a composite number?
False
Is 97903643434 prime?
False
Is 4766794673 prime?
False
Is 518215891 composite?
True
Is 2027022295 composite?
True
Is 452119973 a composite number?
False
Is 163925364709 a prime number?
False
Is 703975949 composite?
True
Is 21743968549 prime?
True
Is 7759929643 composite?
False
Is 478328995 a composite number?
True
Is 20091538823 composite?
False
Is 490190317 a prime number?
True
Is 47301287003 composite?
False
Is 6734116171 a prime number?
False
Is 1625758159 a composite number?
False
Is 8264140481 a composite number?
False
Is 21893123437 a composite number?
False
Is 2372669287 composite?
True
Is 32670366251 prime?
False
Is 1007016629 prime?
True
Is 100250636509 a prime number?
True
Is 4166023321 a composite number?
False
Is 5175187417 composite?
False
Is 128137613 a prime number?
True
Is 1941534083 composite?
False
Is 514216099 a composite number?
True
Is 263559763 prime?
True
Is 614408629 a prime number?
True
Is 43145928949 composite?
True
Is 129406876121 prime?
True
Is 144711667 a prime number?
False
Is 4627896787 a composite number?
False
Is 51467336171 a prime number?
False
Is 794431213 composite?
True
Is 18176656541 a prime number?
True
Is 287653459 a prime number?
False
Is 3205836679 composite?
False
Is 29283337261 prime?
True
Is 8443618817 composite?
False
Is 5365363067 a prime number?
False
Is 53003333765 prime?
False
Is 235142190929 a composite number?
False
Is 45682839749 composite?
False
Is 449881427 a composite number?
True
Is 5393077907 a prime number?
False
Is 4536686087 a composite number?
True
Is 29384703203 a prime n